e
Is 42676675777 prime?
False
Is 2196057053 prime?
True
Is 1594132831 a composite number?
True
Is 6970690223 a prime number?
False
Is 5962012801 a prime number?
False
Is 4344713 a composite number?
True
Is 5638503961 prime?
True
Is 493363301 a prime number?
False
Is 16932293507 a composite number?
True
Is 104380519 a prime number?
False
Is 232167671 composite?
True
Is 363721513 a composite number?
False
Is 5423783 prime?
False
Is 2774026571 prime?
True
Is 7919896757 a composite number?
True
Is 1313474423 a prime number?
True
Is 1822696283 a prime number?
False
Is 34190215339 composite?
True
Is 8211434914 composite?
True
Is 86979041 composite?
False
Is 53733052273 prime?
False
Is 62375338 composite?
True
Is 9042203977 a composite number?
True
Is 5832919369 a composite number?
True
Is 790616767 a composite number?
False
Is 18138332353 a prime number?
True
Is 2055822457 composite?
True
Is 1551724939 prime?
True
Is 15028093369 composite?
False
Is 320556503 composite?
False
Is 8991417923 a prime number?
False
Is 195192509 prime?
True
Is 667421891 composite?
False
Is 3647982467 prime?
True
Is 235663913 a composite number?
True
Is 19930339357 a prime number?
False
Is 706665667 a prime number?
True
Is 510152339 a composite number?
False
Is 1706986481 a prime number?
True
Is 4845125807 a prime number?
True
Is 11217007601 a composite number?
False
Is 119661211 a prime number?
False
Is 2500472461 a composite number?
False
Is 46443838127 prime?
False
Is 877370699 composite?
False
Is 260343299 a prime number?
False
Is 7284386693 a prime number?
True
Is 3720798707 prime?
False
Is 12886435519 a prime number?
False
Is 15482567003 composite?
True
Is 328319897 a prime number?
True
Is 229587439 a prime number?
False
Is 11576458217 a prime number?
True
Is 32922043417 a composite number?
True
Is 5481086129 a prime number?
True
Is 32237585869 a prime number?
True
Is 256287923 prime?
True
Is 1889088611 a composite number?
False
Is 2612409391 a composite number?
True
Is 3546939443 a prime number?
True
Is 3128889671 composite?
True
Is 6062430581 a composite number?
False
Is 20671846417 composite?
True
Is 295514513 a prime number?
False
Is 1039997843 prime?
True
Is 5922552307 composite?
True
Is 44862096541 a composite number?
False
Is 46333209847 a composite number?
True
Is 2454652531 prime?
True
Is 1911060349 composite?
True
Is 8555507157 a prime number?
False
Is 237676669 prime?
False
Is 72685903 composite?
False
Is 257798711 prime?
False
Is 6064989149 a prime number?
True
Is 5057779333 prime?
False
Is 1009090541 composite?
False
Is 20307962611 prime?
False
Is 409285687 a composite number?
True
Is 1945346383 prime?
True
Is 915778859 a prime number?
False
Is 357516656429 composite?
False
Is 82613317 a prime number?
True
Is 304062163 a composite number?
False
Is 76787426927 prime?
False
Is 2795248003 a prime number?
True
Is 43024977959 a composite number?
False
Is 7100987389 a prime number?
True
Is 147294581699 a composite number?
True
Is 328942633 a composite number?
False
Is 2735406209 a prime number?
True
Is 942830227 a composite number?
False
Is 165250271 composite?
False
Is 15127037963 composite?
False
Is 283480340743 a composite number?
False
Is 10628364391 composite?
False
Is 56956919 a prime number?
False
Is 19973080249 composite?
True
Is 10297522793 a composite number?
False
Is 53432771233 composite?
True
Is 1911601327 composite?
False
Is 5059525615 composite?
True
Is 266555591 a prime number?
True
Is 2829442523 composite?
True
Is 27876633209 a composite number?
True
Is 2162681959 prime?
False
Is 1934912773 a prime number?
True
Is 348576763 prime?
True
Is 18145671893 a prime number?
False
Is 7958133739 a prime number?
True
Is 1072639051 a composite number?
True
Is 11161189813 composite?
True
Is 4251106451 composite?
False
Is 673663957 a composite number?
True
Is 8953701 composite?
True
Is 2931399937 composite?
False
Is 3614651 prime?
False
Is 21752184889 composite?
True
Is 3918468373 prime?
True
Is 154650143 a prime number?
True
Is 610446131 prime?
True
Is 544070933 a composite number?
True
Is 3507415957 prime?
True
Is 501083731 a composite number?
False
Is 251927911 composite?
False
Is 2106159113 a composite number?
True
Is 9226146037 composite?
False
Is 412767013 composite?
True
Is 149663386 a prime number?
False
Is 39498351257 a composite number?
False
Is 20742704023 composite?
False
Is 35897273213 a prime number?
True
Is 5073985271 composite?
False
Is 86864521 a prime number?
False
Is 13595382427 prime?
False
Is 15971918533 composite?
False
Is 54279931241 prime?
True
Is 6207488593 composite?
False
Is 983164309 a prime number?
True
Is 1403604673 a prime number?
True
Is 1336991737 a composite number?
False
Is 653298487 a prime number?
True
Is 16521526897 prime?
True
Is 17347905941 prime?
True
Is 2106674993 a composite number?
False
Is 115693425833 a prime number?
False
Is 530146541 composite?
False
Is 3964427981 composite?
False
Is 1395248417 composite?
True
Is 2126657111 a prime number?
False
Is 727891111 prime?
True
Is 155309195453 composite?
True
Is 693948053 composite?
True
Is 17419109453 composite?
False
Is 73264885 prime?
False
Is 2005853189 prime?
False
Is 94782545713 a composite number?
False
Is 172888145 a prime number?
False
Is 34533191393 a composite number?
True
Is 975473341 composite?
False
Is 45064985447 a composite number?
False
Is 25490740153 composite?
True
Is 191844869 composite?
False
Is 28882231081 composite?
True
Is 877148611 a composite number?
False
Is 7077233797 prime?
False
Is 4512558191 prime?
True
Is 143493178693 composite?
False
Is 32276126539 composite?
False
Is 7299169211 a prime number?
True
Is 13099193281 prime?
True
Is 4463970351 composite?
True
Is 6149130811 a composite number?
False
Is 39499511 a prime number?
True
Is 4034852093 a prime number?
True
Is 69103127623 prime?
False
Is 7560444917 prime?
True
Is 12203124863 a prime number?
True
Is 432734317 composite?
True
Is 3826867897 composite?
False
Is 92997651167 prime?
False
Is 735572069 prime?
True
Is 8565154811 prime?
True
Is 9717828467 a composite number?
True
Is 16005491765 a prime number?
False
Is 76394647463 a composite number?
False
Is 961662773 a composite number?
False
Is 3050878289 a composite number?
False
Is 337146373 a composite number?
True
Is 5811677983 a composite number?
False
Is 17570252065 a composite number?
True
Is 170252255483 prime?
True
Is 1805135561 a prime number?
True
Is 264094703 composite?
True
Is 993116191 a prime number?
False
Is 37471423441 a composite number?
True
Is 30236991403 prime?
True
Is 1878910603 composite?
False
Is 3244075441 prime?
False
Is 4530015481 a prime number?
False
Is 74040413 a prime number?
True
Is 19139469169 prime?
True
Is 1406518927 a composite number?
True
Is 2895313593 a composite number?
True
Is 454723571 prime?
False
Is 502729571 a composite number?
False
Is 617379553 composite?
True
Is 11472803081 composite?
False
Is 13230043373 prime?
False
Is 69815527 prime?
True
Is 41558635427 a composite number?
False
Is 4162595483 a prime number?
False
Is 865006249 composite?
True
Is 987654047 composite?
False
Is 173904396121 a prime number?
False
Is 36340127801 a prime number?
False
Is 989458069 a composite number?
True
Is 348847333 composite?
True
Is 540059909 prime?
True
Is 1989663877 prime?
True
Is 56752053707 composite?
False
Is 1818500197 a prime number?
False
Is 30247374853 a composite number?
False
Is 17654284301 composite?
False
Is 2088730573 a composite number?
False
Is 16047155477 composite?
True
Is 6334695313 prime?
True
Is 13071520457 composite?
False
Is 7495676219 a prime number?
True
Is 671935937 composite?
True
Is 3293418613 prime?
False
Is 11384897287 a composite number?
True
Is 795600557 a composite number?
False
Is 6033636509 composite?
True
Is 263467913 prime?
True
Is 159613267 a prime number?
False
Is 5915314313 composite?
False
Is 85995134867 composite?
True
Is 3946073119 a composite number?
True
Is 3797319661 a prime number?
True
Is 335293813 prime?
False
Is 5605777297 a prime number?
False
Is 4959101437 prime?
False
Is 130011112421 a composite number?
True
Is 1868218267 a composite number?
False
Is 8356954343 a composite number?
True
Is 3408002869 prime?
False
Is 4462406167 a prime number?
True
Is 